12
What is the highest common factor of 216836925 and 5523?
789
Calculate the highest common factor of 1620 and 166771620.
180
What is the highest common factor of 647348 and 2236?
52
What is the greatest common factor of 13087 and 34063?
23
Calculate the greatest common factor of 780 and 3083329080.
780
What is the highest common factor of 2344 and 46480348?
1172
What is the highest common divisor of 25146 and 2287296?
198
Calculate the greatest common factor of 4914684 and 60.
12
What is the greatest common divisor of 97344 and 1976?
104
What is the greatest common divisor of 29010 and 3210?
30
What is the highest common divisor of 53157 and 124449?
39
What is the greatest common divisor of 98 and 7523509?
49
What is the highest common factor of 621 and 66549?
3
Calculate the greatest common divisor of 99834266 and 6174.
686
What is the greatest common divisor of 7597 and 550301?
107
What is the greatest common divisor of 1198638 and 5334?
42
Calculate the highest common divisor of 1241 and 8034964.
73
Calculate the greatest common divisor of 26 and 103355590.
26
Calculate the greatest common divisor of 305945 and 15480.
215
Calculate the highest common divisor of 4077 and 2423097.
1359
Calculate the highest common factor of 38960 and 1744480.
80
Calculate the greatest common divisor of 6258 and 996539565.
3129
What is the highest common factor of 1658860 and 178514?
574
Calculate the highest common factor of 3752 and 435056.
8
What is the highest common divisor of 362021 and 616?
11
What is the highest common factor of 14379695 and 1325?
265
Calculate the highest common divisor of 84832370 and 84.
14
Calculate the greatest common factor of 1840545 and 8145.
45
Calculate the greatest common divisor of 32539 and 5655.
13
What is the highest common divisor of 298 and 289924?
2
Calculate the highest common factor of 323438 and 616725.
2741
What is the highest common factor of 25512 and 89792?
8
What is the greatest common divisor of 2214 and 62371578?
246
What is the highest common divisor of 52 and 3390738?
26
Calculate the greatest common factor of 278403734 and 1138.
1138
What is the highest common factor of 346 and 1310430366?
346
Calculate the highest common divisor of 3406 and 468442.
26
What is the greatest common factor of 871742 and 1025?
41
What is the highest common factor of 3822 and 16593?
3
Calculate the greatest common factor of 21504196 and 8.
4
What is the greatest common divisor of 1938 and 24721926?
114
Calculate the greatest common factor of 40865 and 10127090.
3715
Calculate the greatest common divisor of 273415 and 3014905.
1835
Calculate the highest common factor of 2404283 and 25921.
49
Calculate the greatest common divisor of 416 and 162679738.
26
Calculate the greatest common divisor of 4124186560 and 971.
971
What is the highest common divisor of 765043048 and 62?
62
Calculate the highest common factor of 148866 and 1503662.
1154
What is the highest common factor of 214678656 and 662?
662
Calculate the highest common factor of 3002151 and 4.
1
Calculate the greatest common divisor of 57898287 and 734.
367
What is the highest common factor of 27053640 and 720?
360
Calculate the greatest common divisor of 22572 and 2626668.
1188
What is the greatest common factor of 18687533 and 8967?
61
What is the highest common factor of 98 and 418302318?
98
Calculate the greatest common divisor of 8570 and 27819934.
1714
Calculate the highest common factor of 31865 and 305.
5
What is the highest common factor of 749637536 and 124?
124
What is the highest common divisor of 119658272 and 6797?
971
Calculate the greatest common factor of 663322639 and 749.
749
Calculate the greatest common divisor of 16070979 and 285.
57
What is the greatest common divisor of 1328913 and 2700?
27
What is the greatest common factor of 2491895 and 464960?
7265
Calculate the greatest common divisor of 1782 and 18513198.
1782
Calculate the greatest common divisor of 650 and 4033250.
650
What is the greatest common factor of 149850 and 157842?
1998
Calculate the highest common factor of 24823 and 17922.
103
Calculate the greatest common factor of 9984 and 267687680.
3328
Calculate the greatest common factor of 257565810 and 90.
30
What is the highest common divisor of 12358816 and 288?
32
What is the greatest common factor of 1080893 and 118217?
121
Calculate the greatest common factor of 3479469 and 3521077.
5201
Calculate the greatest common divisor of 353001 and 16890.
1689
What is the highest common divisor of 1729 and 2020948566?
1729
Calculate the greatest common factor of 21 and 31063389.
21
What is the greatest common factor of 4445187 and 26979?
1587
What is the greatest common factor of 818225 and 86825?
575
Calculate the highest common factor of 59986 and 1687022.
674
Calculate the highest common factor of 150620 and 4647070.
4430
Calculate the highest common factor of 10595025 and 5445.
45
Calculate the highest common factor of 27786 and 1984774.
22
Calculate the greatest common factor of 149090 and 6545.
85
What is the highest common factor of 49 and 71646071?
7
What is the greatest common factor of 355475 and 106281?
241
Calculate the greatest common factor of 1793072 and 24.
8
Calculate the highest common divisor of 6544 and 71504652.
1636
Calculate the greatest common divisor of 40030408 and 2112.
88
Calculate the highest common divisor of 1076356641 and 82.
41
Calculate the highest common factor of 2380 and 13672.
4
What is the highest common factor of 2713104 and 6308?
332
Calculate the highest common factor of 64 and 6531968.
64
What is the greatest common divisor of 103497732 and 936?
468
What is the greatest common divisor of 174 and 69143714?
58
Calculate the highest common divisor of 44424080 and 200.
40
Calculate the greatest common factor of 17557873 and 93.
31
Calculate the greatest common divisor of 50380425 and 16077.
699
What is the greatest common divisor of 17172616 and 16?
8
What is the highest common divisor of 14921820 and 1215?
405
Calculate the greatest common divisor of 2398255 and 26786.
227
What is the greatest common divisor of 6845819 and 1?
1
Calculate the highest common factor of 12759110 and 392.
98
Calculate the greatest common factor of 1092982 and 352.
22
Calculate the greatest common factor of 118 and 931433.
59
What is the highest common divisor of 84527 and 177380?
181
What is the highest common factor of 562389024 and 96?
96
What is the highest common factor of 1004520 and 124520?
440
What is the greatest common divisor of 14764365 and 693?
693
What is the greatest common divisor of 428 and 845446376?
428
What is the greatest common factor of 115125 and 5320?
5
What is the greatest common divisor of 128550 and 262950?
150
What is the highest common factor of 11 and 414780003?
11
What is the greatest common factor of 5404496 and 112?
16
What is the greatest common factor of 28612 and 414851?
23
What is the greatest common divisor of 2963723 and 77?
7
Calculate the greatest common divisor of 14762322 and 18.
18
What is the greatest common factor of 56151 and 1989?
153
What is the highest common divisor of 76416 and 4522872?
4776
What is the greatest common factor of 528 and 7533504?
528
What is the highest common divisor of 1902279 and 79952?
263
What is the greatest common factor of 3550240 and 760?
40
What is the highest common factor of 1406856 and 43032?
264
Calculate the greatest common factor of 6693 and 185955.
69
What is the greatest common factor of 1887 and 5943812?
17
What is the greatest common divisor of 9080 and 1108?
4
Calculate the highest common divisor of 255 and 133687371.
51
What is the highest common factor of 786 and 29726520?
786
Calculate the highest common divisor of 366696 and 34848.
792
Calculate the greatest common divisor of 4808375 and 125.
125
Calculate the greatest common factor of 159149 and 100833.
61
Calculate the greatest common divisor of 18595696 and 36.
4
Calculate the highest common factor of 25 and 242827345.
5
What is the highest common factor of 43924 and 7205432?
316
Calculate the greatest common divisor of 165726 and 13950.
558
Calculate the greatest common factor of 12 and 269750280.
12
What is the greatest common divisor of 740 and 1118695?
185
Calculate the